{"id":1351,"date":"2025-08-15T17:15:42","date_gmt":"2025-08-15T15:15:42","guid":{"rendered":"https:\/\/shoppingaparis.fr\/?post_type=product&#038;p=1351"},"modified":"2025-08-15T17:17:05","modified_gmt":"2025-08-15T15:17:05","slug":"montre-sport","status":"publish","type":"product","link":"https:\/\/shoppingaparis.fr\/?product=montre-sport","title":{"rendered":"Montre sport (20.000Fcfa)"},"content":{"rendered":"","protected":false},"excerpt":{"rendered":"<p>Montre design, homme Quartz FOXBOX, bracelet silicone, cadran rond sportif noir avec affichage date,\u00a0 style d\u00e9contract\u00e9 \u00e9l\u00e9gant<\/p>\n","protected":false},"featured_media":1354,"template":"","meta":{"_seopress_robots_primary_cat":"none","_seopress_titles_title":"","_seopress_titles_desc":"","_seopress_robots_index":"","_monsterinsights_skip_tracking":false,"_monsterinsights_sitenote_active":false,"_monsterinsights_sitenote_note":"","_monsterinsights_sitenote_category":0},"product_brand":[],"product_cat":[41],"product_tag":[],"class_list":{"0":"post-1351","1":"product","2":"type-product","3":"status-publish","4":"has-post-thumbnail","6":"product_cat-accessories","8":"first","9":"instock","10":"shipping-taxable","11":"product-type-simple"},"_links":{"self":[{"href":"https:\/\/shoppingaparis.fr\/index.php?rest_route=\/wp\/v2\/product\/1351","targetHints":{"allow":["GET"]}}],"collection":[{"href":"https:\/\/shoppingaparis.fr\/index.php?rest_route=\/wp\/v2\/product"}],"about":[{"href":"https:\/\/shoppingaparis.fr\/index.php?rest_route=\/wp\/v2\/types\/product"}],"wp:featuredmedia":[{"embeddable":true,"href":"https:\/\/shoppingaparis.fr\/index.php?rest_route=\/wp\/v2\/media\/1354"}],"wp:attachment":[{"href":"https:\/\/shoppingaparis.fr\/index.php?rest_route=%2Fwp%2Fv2%2Fmedia&parent=1351"}],"wp:term":[{"taxonomy":"product_brand","embeddable":true,"href":"https:\/\/shoppingaparis.fr\/index.php?rest_route=%2Fwp%2Fv2%2Fproduct_brand&post=1351"},{"taxonomy":"product_cat","embeddable":true,"href":"https:\/\/shoppingaparis.fr\/index.php?rest_route=%2Fwp%2Fv2%2Fproduct_cat&post=1351"},{"taxonomy":"product_tag","embeddable":true,"href":"https:\/\/shoppingaparis.fr\/index.php?rest_route=%2Fwp%2Fv2%2Fproduct_tag&post=1351"}],"curies":[{"name":"wp","href":"https:\/\/api.w.org\/{rel}","templated":true}]}}